521.
1599
Calculate the highest common divisor of 7503 and 87922655.
2501
What is the greatest common divisor of 53656 and 68521536?
2824
What is the highest common divisor of 33578 and 5792102?
206
Calculate the greatest common divisor of 21 and 59237493.
21
What is the greatest common divisor of 124 and 95356?
124
What is the greatest common divisor of 558757176 and 263?
263
What is the greatest common divisor of 690 and 20087070?
30
What is the highest common factor of 407930274 and 471?
471
What is the greatest common factor of 66 and 93756?
6
Calculate the highest common factor of 771 and 108962089.
257
What is the highest common divisor of 16364060 and 790?
790
Calculate the greatest common divisor of 19770 and 555902745.
9885
What is the highest common factor of 1176424197 and 78?
39
Calculate the highest common factor of 8015896 and 224.
56
What is the highest common divisor of 147 and 58659321?
147
Calculate the greatest common factor of 196800 and 38512.
16
What is the highest common divisor of 30282 and 19203114?
4326
Calculate the greatest common factor of 610342 and 14615872.
4042
Calculate the highest common factor of 50793610 and 35.
35
What is the highest common factor of 8446864 and 8?
8
Calculate the greatest common factor of 5850440 and 1332.
148
What is the highest common factor of 13689 and 526396806?
13689
Calculate the greatest common factor of 68 and 16473.
17
What is the highest common divisor of 57451856 and 2464?
1232
Calculate the highest common divisor of 48 and 8365716.
12
What is the greatest common factor of 817664 and 11264?
512
What is the highest common divisor of 266 and 652267?
7
Calculate the greatest common divisor of 26305605 and 405.
45
Calculate the highest common divisor of 1452798 and 99846.
774
Calculate the highest common divisor of 36290 and 1321147.
191
Calculate the highest common factor of 539688 and 3167682.
1194
Calculate the greatest common divisor of 2504040 and 22680.
840
Calculate the greatest common divisor of 149065770 and 252.
42
What is the highest common factor of 3602256 and 4473?
1491
Calculate the highest common divisor of 2625140 and 8330.
1190
Calculate the greatest common divisor of 157505 and 154615.
1445
Calculate the greatest common divisor of 17066 and 1027502.
322
Calculate the highest common factor of 7 and 1574447.
7
What is the highest common factor of 2084 and 404?
4
Calculate the highest common factor of 46 and 409341074.
46
Calculate the highest common factor of 440307714 and 11391.
11391
Calculate the highest common divisor of 5637356 and 6742972.
6428
What is the greatest common factor of 3615 and 699945?
15
Calculate the highest common divisor of 1931198029 and 139.
139
What is the highest common divisor of 1026503 and 775?
31
Calculate the greatest common divisor of 224 and 18884672.
32
Calculate the highest common divisor of 2231893 and 8496128.
8297
Calculate the highest common divisor of 3784121 and 8096.
253
Calculate the highest common factor of 132759 and 71775.
99
Calculate the greatest common factor of 12929502 and 555.
111
Calculate the greatest common factor of 1888853 and 425.
17
What is the highest common factor of 110 and 596663375?
55
Calculate the greatest common factor of 16797 and 291720.
33
Calculate the greatest common factor of 69382563 and 9.
3
Calculate the greatest common factor of 4141002 and 7638.
402
What is the highest common factor of 66540 and 55310?
10
Calculate the greatest common factor of 2247 and 9975182.
749
What is the highest common factor of 334434 and 548494?
278
Calculate the greatest common divisor of 73653952 and 96.
32
What is the highest common divisor of 448277 and 3687137?
2347
What is the highest common divisor of 2898 and 10567212?
138
Calculate the greatest common divisor of 28 and 29453284.
28
What is the highest common factor of 2574 and 13889007?
99
Calculate the highest common factor of 310 and 19996860.
310
Calculate the greatest common factor of 6523 and 1262.
1
What is the highest common factor of 5825951 and 399?
19
Calculate the highest common divisor of 13380 and 225591260.
4460
Calculate the highest common factor of 9 and 2516785.
1
Calculate the greatest common factor of 1189 and 4003537.
29
What is the highest common factor of 52 and 106747901?
13
What is the highest common factor of 7530205 and 5069?
137
Calculate the greatest common factor of 72 and 42779592.
72
What is the highest common divisor of 588 and 86681490?
294
Calculate the greatest common divisor of 62 and 91636.
62
Calculate the highest common divisor of 27 and 46893024.
9
What is the highest common divisor of 2880068 and 1406708?
3508
What is the highest common divisor of 2342747 and 22?
11
What is the greatest common divisor of 1222938 and 648?
162
Calculate the greatest common divisor of 273 and 25556739.
39
What is the highest common factor of 22010127 and 1947?
177
Calculate the greatest common divisor of 485017526 and 2786.
2786
Calculate the highest common divisor of 2148484 and 2509988.
4108
What is the greatest common factor of 16340 and 3880535?
215
Calculate the greatest common factor of 2673 and 116457.
33
Calculate the greatest common divisor of 717 and 15522333.
717
Calculate the highest common divisor of 1595 and 591470.
55
Calculate the highest common divisor of 14663 and 107074.
341
What is the highest common divisor of 13723134 and 359?
359
Calculate the greatest common factor of 3737113 and 91613.
317
What is the highest common divisor of 16 and 69771896?
8
What is the greatest common factor of 7890709 and 389918?
10261
Calculate the highest common factor of 38746848 and 21168.
2352
Calculate the highest common divisor of 47 and 259318646.
47
Calculate the highest common divisor of 63 and 47688543.
63
What is the greatest common divisor of 10458 and 87066?
126
What is the greatest common divisor of 16560 and 2817360?
720
Calculate the greatest common factor of 93740 and 69660.
860
What is the greatest common factor of 34882337 and 77?
7
What is the greatest common divisor of 1522 and 202317938?
1522
What is the highest common factor of 237 and 562231308?
237
What is the highest common factor of 6 and 34926378?
6
Calculate the greatest common factor of 1269868 and 1503.
167
What is the greatest common factor of 1224181371 and 777?
777
Calculate the highest common factor of 43807 and 15234347.
617
What is the highest common factor of 384 and 33947136?
384
Calculate the greatest common factor of 621933 and 13.
13
What is the greatest common factor of 44 and 426172362?
22
What is the greatest common divisor of 6721 and 6924698?
517
What is the greatest common factor of 1233940 and 214240?
2060
What is the highest common divisor of 79824927 and 7?
7
Calculate the highest common factor of 2065408 and 382976.
1024
What is the highest common factor of 9 and 9831?
3
What is the highest common factor of 7348982 and 254?
254
Calculate the highest common factor of 11847 and 65868.
33
Calculate the greatest common divisor of 1178844 and 204.
12
What is the highest common factor of 1804 and 22998622?
82
What is the greatest common divisor of 111 and 76973949?
111
Calculate the greatest common factor of 1540172 and 414.
46
What is the greatest common divisor of 71581600 and 500?
100
What is the greatest common divisor of 6746 and 528?
2
Calculate the highest common factor of 7318360 and 25816.
56
Calculate the greatest common divisor of 413 and 206892.
7
What is the greatest common factor of 21934912 and 1216?
64
Calculate the greatest common factor of 9 and 60390855.
9
Calculate the highest common factor of 18867860 and 1265.
55
What is the greatest common factor of 233 and 42755267?
233
What is the highest common factor of 14795280 and 13968?
144
What is the highest common factor of 9275 and 20150?
25
What is the highest common factor of 44287 and 62377?
67
What is the greatest common factor of 98 and 1656197305?
49
What is the greatest common divisor of 654754 and 108092?
886
What is the highest common factor of 6838501 and 5971?
853
Calculate the greatest common factor of 8988 and 12823440.
84
What is the highest common divisor of 400179450 and 8250?
1650
What is the highest common factor of 118 and 7061268?
2
What is the hi